4 (base 15) in base 10?
49
Convert 122 (base 7) to base 5.
230
9 (base 13) to base 4
21
Convert 14 (base 7) to base 3.
102
Convert -4 (base 13) to base 3.
-11
What is -2 (base 6) in base 2?
-10
What is 4 (base 15) in base 14?
4
-2 (base 4) to base 15
-2
What is -33 (base 16) in base 7?
-102
Convert -11 (base 15) to base 8.
-20
7 (base 13) to base 4
13
Convert -52 (base 12) to base 8.
-76
What is -32 (base 4) in base 16?
-e
Convert 0 (base 2) to base 13.
0
What is 11 (base 7) in base 10?
8
Convert 5 (base 12) to base 6.
5
21 (base 6) to base 7
16
3 (base 10) to base 9
3
Convert -10011101 (base 2) to base 12.
-111
201 (base 4) to base 2
100001
-52 (base 10) to base 11
-48
65 (base 7) to base 14
35
8 (base 15) to base 16
8
What is 32 (base 6) in base 14?
16
What is 152 (base 10) in base 11?
129
10000111 (base 2) to base 6
343
What is 21 (base 5) in base 15?
b
Convert 220 (base 4) to base 12.
34
24 (base 7) to base 8
22
Convert -3 (base 9) to base 2.
-11
-100111111 (base 2) to base 3
-102211
3 (base 16) to base 13
3
What is -1 (base 13) in base 9?
-1
Convert 79 (base 11) to base 15.
5b
Convert -22 (base 12) to base 7.
-35
What is -2 (base 13) in base 5?
-2
What is -21 (base 7) in base 5?
-30
What is 1 (base 9) in base 12?
1
What is 305 (base 7) in base 5?
1102
11 (base 6) to base 2
111
What is 150 (base 9) in base 11?
105
Convert 1110 (base 2) to base 3.
112
What is -51 (base 8) in base 5?
-131
Convert 6 (base 14) to base 8.
6
Convert 2 (base 12) to base 11.
2
What is -11 (base 7) in base 16?
-8
-4 (base 7) to base 8
-4
What is -f (base 16) in base 13?
-12
What is 61 (base 9) in base 2?
110111
32 (base 5) to base 7
23
Convert -11211 (base 3) to base 6.
-334
Convert 232 (base 4) to base 3.
1201
What is -1232 (base 5) in base 14?
-da
-2 (base 3) to base 15
-2
Convert -5 (base 14) to base 4.
-11
-11102 (base 3) to base 4
-1313
What is -1c (base 14) in base 10?
-26
-33 (base 9) to base 12
-26
Convert 17 (base 14) to base 12.
19
What is b4 (base 15) in base 11?
144
-16 (base 8) to base 5
-24
37 (base 11) to base 2
101000
Convert -2 (base 9) to base 12.
-2
Convert -2 (base 14) to base 6.
-2
Convert -301 (base 7) to base 3.
-12111
-40 (base 9) to base 10
-36
Convert -28 (base 12) to base 10.
-32
Convert -39 (base 12) to base 14.
-33
What is b (base 15) in base 8?
13
Convert 1132 (base 5) to base 11.
142
11 (base 2) to base 4
3
What is -271 (base 8) in base 13?
-113
What is -1c (base 14) in base 11?
-24
336 (base 7) to base 8
256
What is 3 (base 11) in base 3?
10
-20 (base 6) to base 9
-13
Convert 22 (base 10) to base 5.
42
What is 10001 (base 2) in base 10?
17
Convert 3 (base 9) to base 12.
3
Convert 5 (base 16) to base 13.
5
Convert -1c (base 14) to base 7.
-35
What is -1c3 (base 13) in base 6?
-1304
Convert 6 (base 9) to base 5.
11
Convert 1 (base 5) to base 13.
1
Convert 11 (base 10) to base 12.
b
Convert 4 (base 10) to base 16.
4
0 (base 10) to base 5
0
6 (base 9) to base 16
6
46 (base 11) to base 14
38
b8 (base 14) to base 7
321
49 (base 15) to base 10
69
What is 30 (base 10) in base 8?
36
What is -1 (base 9) in base 7?
-1
-10 (base 5) to base 3
-12
-4 (base 5) to base 10
-4
What is -1 (base 4) in base 15?
-1
What is 3 (base 6) in base 9?
3
-2100 (base 3) to base 8
-77
What is 1b (base 15) in base 3?
222
Convert -150 (base 7) to base 5.
-314
Convert 221 (base 4) to base 5.
131
5 (base 6) to base 4
11
What is 1111 (base 2) in base 4?
33
Convert 1 (base 5) to base 12.
1
What is -2003 (base 5) in base 11?
-210
-150 (base 9) to base 15
-86
Convert -154 (base 8) to base 13.
-84
What is -13 (base 8) in base 3?
-102
520 (base 6) to base 16
c0
7 (base 12) to base 11
7
What is 54 (base 12) in base 8?
100
What is 1 (base 7) in base 8?
1
What is -13 (base 4) in base 6?
-11
What is -2 (base 16) in base 4?
-2
What is d (base 14) in base 13?
10
What is -39 (base 15) in base 5?
-204
Convert 3 (base 13) to base 16.
3
Convert -4d (base 14) to base 10.
-69
What is -1 (base 6) in base 4?
-1
100221 (base 3) to base 4
10030
-2102 (base 3) to base 12
-55
What is 10 (base 2) in base 12?
2
What is 5 (base 13) in base 12?
5
What is -6 (base 15) in base 8?
-6
Convert 1 (base 10) to base 6.
1
Convert 101 (base 6) to base 5.
122
-14 (base 5) to base 2
-1001
What is 2b0 (base 12) in base 13?
264
What is -21 (base 7) in base 9?
-16
-1 (base 13) to base 6
-1
-5b (base 16) to base 13
-70
Convert 5 (base 11) to base 16.
5
Convert 65 (base 15) to base 8.
137
1 (base 4) to base 7
1
What is 63 (base 10) in base 8?
77
Convert 101010 (base 3) to base 11.
229
Convert 17 (base 8) to base 13.
12
-65 (base 14) to base 11
-81
What is 10 (base 2) in base 3?
2
Convert -1f (base 16) to base 2.
-11111
Convert -100010 (base 2) to base 12.
-2a
What is 11 (base 2) in base 3?
10
What is 4 (base 9) in base 16?
4
What is -403 (base 5) in base 6?
-251
What is -11 (base 5) in base 15?
-6
What is -12 (base 7) in base 16?
-9
What is -4 (base 9) in base 15?
-4
Convert -8 (base 14) to base 12.
-8
Convert -132 (base 4) to base 15.
-20
-11 (base 3) to base 6
-4
What is 13 (base 6) in base 5?
14
What is -115 (base 7) in base 2?
-111101
1 (base 11) to base 8
1
-1011000 (base 2) to base 8
-130
-10 (base 3) to base 4
-3
20 (base 5) to base 9
11
Convert -2 (base 5) to base 15.
-2
-97 (base 12) to base 8
-163
Convert 0 (base 5) to base 9.
0
What is 2101 (base 4) in base 7?
265
What is -2 (base 6) in base 9?
-2
What is 2044 (base 5) in base 8?
422
What is 18 (base 10) in base 16?
12
What is 23 (base 11) in base 9?
27
be (base 16) to base 14
d8
Convert -2 (base 13) to base 14.
-2
Convert 1 (base 5) to base 3.
1
What is -f (base 16) in base 10?
-15
What is -14 (base 7) in base 5?
-21
34 (base 5) to base 16
13
-22 (base 11) to base 3
-220
-4 (base 14) to base 5
-4
-90 (base 10) to base 14
-66
What is 0 (base 15) in base 13?
0
What is 1111 (base 2) in base 3?
120
Convert 12 (base 3) to base 10.
5
What is 10 (base 3) in base 6?
3
Convert -30 (base 8) to base 2.
-11000
-5 (base 12) to base 8
-5
What is -4 (base 5) in base 16?
-4
Convert 100021 (base 3) to base 2.
11111010
Convert 1 (base 16) to base 4.
1
What is 80 (base 14) in base 12?
94
What is -30 (base 16) in base 9?
-53
Convert fb (base 16) to base 3.
100022
What is 4 (base 13) in base 14?
4
11 (base 3) to base 9
4
What is 1 (base 14) in base 8?
1
-1202 (base 3) to base 5
-142
7 (base 13) to base 7
10
41 (base 8) to base 11
30
Convert 110 (base 3) to base 11.
11
Convert 86 (base 13) to base 11.
a0
What is -52 (base 9) in base 16?
-2f
Convert e (base 16) to base 5.
24
What is 6 (base 13) in base 16?
6
What is -a3 (base 13) in base 11?
-111
Convert -2 (base 8) to base 13.
-2
33 (base 8) to base 15
1c
Convert -2 (base 4) to base 12.
-2
-11000 (base 3) to base 11
-99
What is 11120 (base 3) in base 14?
8b
16a (base 11) to base 7
401
Convert -2 (base 5) to base 12.
-2
What is -14 (base 8) in base 9?
-13
What is 14 (base 15) in base 8?
23
Convert 103 (base 7) to base 3.
1221
Convert -181 (base 12) to base 14.
-133
Convert -12 (base 3) to base 16.
-5
What is 33 (base 12) in base 9?
43
-23 (base 10) to base 8
-27
Convert -a (base 14) to base 11.
-a
-120 (base 10) to base 15
-80
Convert 1001 (base 2) to base 12.
9
Convert -1 (base 15) to base 13.
-1
What is -112 (base 3) in base 10?
-14
Convert 17 (base 16) to base 14.
19
-5 (base 10) to base 15
-5
Convert -1013 (base 5) to base 8.
-205
-4 (base 6) to base 15
-4
-3011 (base 4) to base 15
-d2
What is -11 (base 6) in base 2?
-111
-45 (base 8) to base 10
-37
Convert -a7 (base 13) to base 4.
-2021
What is -3 (base 12) in base 11?
-3
Convert 77 (base 16) to base 7.
230
12102 (base 3) to base 2
10010010
-125 (base 9) to base 12
-88
Convert -37 (base 8) to base 11.
-29
Convert 107 (base 8) to base 4.
1013
Convert 2 (base 7) to base 14.
2
What is -112 (base 3) in base 12?
-12
What is 3 (base 15) in base 14?
3
Convert -3 (base 12) to base 14.
-3
54 (base 8) to base 9
48
Convert -2 (base 10) to base 8.
-2
Convert 302 (base 4) to base 6.
122
What is 10 (base 2) in base 16?
2
What is -20 (base 4) in base 14?
-8
1 (base 7) to base 6
1
What is -3 (base 10) in base 11?
-3
Convert -1 (base 14) to base 2.
-1
What is -4 (base 5) in base 6?
-4
-11 (base 12) to base 4
-31
Convert -7 (base 11) to base 9.
-7
-1101100 (base 2) to base 3
-11000